33. Calculate the highest common factor of b and o.
8
Suppose 0 = -3*w + 5*h + 66, 3*h - 63 + 93 = w. Let g(a) = a**3 - 2*a**2 + 2*a - 3. Let r be g(3). What is the greatest common divisor of w and r?
12
Let j be (-2 - 19)*(-22)/2. Calculate the greatest common factor of 363 and j.
33
Let u be (2/(-5))/((-2)/(-10)). Let v be (-4)/((u + (-3)/(-6))/27). Let o be (-18)/(-2) - (-2 + 3). Calculate the highest common factor of v and o.
8
Suppose 0*a + 6 = -3*a. Let t(f) be the second derivative of -3*f**5/5 - f**4/3 - 2*f**3/3 + 4*f. Let w be t(a). What is the greatest common factor of 11 and w?
11
Let b be 2*(-4 - (-15)/6). Let t be (-4)/(6 - 2) - b. Suppose t*s + s = 60. Calculate the highest common divisor of s and 140.
20
Let r = 647 + -467. What is the greatest common divisor of 340 and r?
20
Let j = -76 + 54. Let t be (j/(-6))/(11/33). Calculate the highest common divisor of 11 and t.
11
Suppose 14*t = 17*t - 402. Suppose -15*f + 91 + t = 0. Calculate the greatest common divisor of f and 165.
15
Let l be 6/3*(-6)/(-12). Let o be 3/2*(8/24 + l). Let g be (-28)/(-6)*(3 - 0). Calculate the highest common factor of g and o.
2
Let k be (126/(-10))/((-2)/10). Let n = -36 - -56. Let s = n + -11. What is the highest common divisor of k and s?
9
Let c = -410 + 431. Calculate the greatest common divisor of c and 9.
3
Let a = -814 + 1336. Calculate the highest common factor of 29 and a.
29
Let l be ((-8)/(-56)*14)/(0 + 1). What is the highest common factor of 17 and l?
1
Let o = 440 - 215. What is the greatest common factor of 45 and o?
45
Let o be (-634)/(-6) - (-10)/(-15). Suppose 4*q - 3*q = 3. Suppose 0 = -q*h + 35 + 10. Calculate the greatest common factor of h and o.
15
Let x(d) = -2*d - 32. Let k(b) = b - 1. Let q(w) = -4*k(w) - x(w). Let j be q(-15). Calculate the greatest common divisor of j and 6.
6
Suppose 116*f - 117*f = -36. What is the greatest common divisor of f and 414?
18
Let l be 21/((18/4)/3). Suppose 0 = r - 4 - l. Suppose 0 = u - x - 222 + 21, 3*x - 585 = -3*u. Calculate the greatest common factor of r and u.
18
Let n(g) = -4*g - 12. Let q be n(-3). Let r be 13*8 - q*7/21. Calculate the highest common divisor of r and 26.
26
Suppose -2*s + 5*w + 47 = 0, s - 4*w = 2*s - 4. Let c = s + 127. What is the greatest common factor of 11 and c?
11
Suppose 5*o - 5*x = 2268 + 3147, -4*x + 4372 = 4*o. What is the greatest common factor of 34 and o?
34
Let u = -5151 + 5152. Let s be (6/(-4))/(2/(-4)). Calculate the greatest common divisor of s and u.
1
Suppose 0 = 38*o - 23495 - 82525. What is the highest common factor of 93 and o?
93
Suppose 0*p + i + 8 = p, -i = 5. Suppose 0 = -p*b - 5*y + 10, -5*b = 5*y - 41 + 11. Suppose -50 = 2*f - 4*f. What is the highest common factor of f and b?
5
Let c(p) = 6*p**2 + p - 6. Let k be c(5). Let r = k - 88. Let g = r + -37. What is the greatest common divisor of 3 and g?
3
Suppose 0*a - 820 = 5*a. Let g = 57 + a. Let x be g/(3/(-3)) - -1. Calculate the highest common divisor of x and 12.
12
Let t(u) = -u - 1. Let h be t(-4). Suppose 4*x + 25 = -x, -3*x = h*d - 381. Let m be (-1)/(0 + (-5)/60). What is the highest common divisor of m and d?
12
Suppose c = 4*u + 11, -2*u + 28 = 2*c - 4*u. Calculate the highest common divisor of 48 and c.
3
Let n(x) = 11*x - 12. Suppose 3*c = -16 + 25. Let v be n(c). Calculate the highest common divisor of 3 and v.
3
Suppose -4 = s - 2*u, 2*s + 4*u - 10 - 6 = 0. Suppose 20 = s*m - m. Calculate the highest common divisor of m and 180.
20
Suppose -5*s - 3*t + 22 = 0, 2*t - 4 = -5*s + 14. Let u be (-2)/(-9) - (-230)/18. Suppose u + 7 = 2*m. Calculate the highest common factor of m and s.
2
Suppose 30*h - 63 = 21*h. What is the greatest common divisor of h and 49?
7
Let x(a) = a - 2. Let g be x(-4). Let u be g/(((-21)/6)/7). Let w = 17 - -31. What is the greatest common divisor of w and u?
12
Let k be -4 - -1 - (2 - 155). What is the greatest common factor of k and 30?
30
Suppose -30 = -3*i - 3*w, 4*w - 35 = -3*i - 0*w. Let t(c) = -2 + 3 - 30*c - 3 + i*c. Let f be t(-2). Calculate the greatest common divisor of 72 and f.
24
Let q(l) = -6*l + 5. Let k be q(3). Let b(p) = p**2 + 13*p + 16. Let w be b(k). Suppose 40 = 4*c + c. Calculate the greatest common factor of c and w.
8
Suppose 148*u - 164*u + 3680 = 0. Calculate the greatest common divisor of 23 and u.
23
Let x(o) = o - 5. Let n be x(11). Let m = 117 + -105. What is the highest common divisor of n and m?
6
Suppose 4*k = -146 + 46. Let b = k + 45. What is the greatest common divisor of b and 220?
20
Suppose -w + 475 = 12*v - 10*v, 0 = -3*v + 4*w + 685. What is the highest common divisor of v and 5?
5
Suppose 2*g - 88 = -u - 2*g, 20 = 4*g. Suppose 2*q - u - 64 = 0. What is the greatest common divisor of q and 33?
33
Let p(s) = -12*s + 60. Let f be p(2). Calculate the highest common divisor of f and 90.
18
Suppose -4*m - 2*k + 6 = 0, -2*k + 0*k - 9 = -m. Suppose 2*n = m*f - 18, 3 = n + 6. Suppose 80 = -f*r + 9*r. What is the highest common factor of r and 16?
16
Let g(i) = -88*i - 736. Let p be g(-13). What is the highest common divisor of 1088 and p?
136
Let z(n) = -n**2 - 12*n + 6. Let b be z(-11). What is the highest common factor of b and 68?
17
Let k(q) = q**3 - 3*q**2 + q - 16. Let d be k(4). Suppose m = -d*z + 49 + 56, -5*z - 5*m + 120 = 0. Calculate the greatest common factor of z and 18.
9
Suppose -7*x - 30 = -8*x. What is the greatest common factor of 12 and x?
6
Let b be (-163)/((0 + -1)*1/10). Let z be 4/(-10) - b/75*-6. What is the highest common factor of 10 and z?
10
Let u(d) = -6*d**3 - d**2 - d. Let i be u(-1). Suppose 0 = 18*n - 13*n + 520. Let f = -103 - n. What is the highest common divisor of f and i?
1
Suppose -5*j + 10 = -15. Suppose 8 = j*q - 2. What is the greatest common factor of 8 and q?
2
Let g(z) = 2*z**2 + 5*z - 5. Let h be g(3). Let w be (h/42)/(2/66). Let t = w + -14. Calculate the greatest common factor of t and 2.
2
Suppose -5*f + 123 = -2*m, -65 - 6 = -3*f + 4*m. What is the highest common divisor of f and 2?
1
Let v be 459*(5 + (-84)/18). What is the highest common factor of 187 and v?
17
Let t(k) = 5*k**2 - 2*k - 1. Suppose 0 = n - 0*n - 2. Let i be t(n). Suppose -87*x = -27*x - 656 + 56. Calculate the greatest common divisor of x and i.
5
Let w = -7 + 9. Suppose -3*y = 2*b - 0*b - 16, 14 = 2*y + w*b. Suppose -6 = y*i + i, 4*u + 4*i - 76 = 0. Calculate the greatest common factor of 7 and u.
7
Suppose 3*b + 3 = 78. Calculate the greatest common divisor of 1 and b.
1
Suppose -97 = -5*p - 20*y + 23*y, p - 4*y = 33. What is the highest common factor of 187 and p?
17
Let f be (-3 - -1)/(10/280). Let i = -21 - f. Let z be 8/(115/i + -3). What is the highest common divisor of z and 70?
14
Let x = -19 - -37. Let p(q) = -22*q**2 + 0 + 1 + 39*q**2. Let w be p(1). What is the highest common divisor of x and w?
18
Suppose -3*n = 2*n. Suppose 0 = -n*r + r - 1. Suppose 4 = j - r. What is the highest common factor of j and 20?
5
Let t(a) = a**2 + 38. Let d be t(0). Calculate the greatest common factor of 874 and d.
38
Let c(i) = 2*i + 0*i**2 - 3*i + i**2. Let k be c(2). What is the greatest common divisor of 18 and k?
2
Let r = -243 + 672. Let a = 647 + -608. What is the highest common factor of r and a?
39
Let w be 612/14 + (-8)/(-28). Suppose 12 + 28 = 10*a. Calculate the greatest common divisor of a and w.
4
Let b(h) = 42*h - 12. Suppose -j + 4 = 2*n + 7, -2*j = -5*n - 30. Let z be b(j). Calculate the highest common factor of z and 18.
18
Suppose -r + 238 = 3*b, -2*r = 3*b + 3*r - 242. Let k = b + -61. Calculate the greatest common divisor of 198 and k.
18
Suppose 3*v = 6*j - j + 85, 0 = -5*v + 2*j + 110. Let i be (-2)/14 + ((-6525)/(-63))/25. What is the greatest common divisor of v and i?
4
Let k be (-5 - (-200)/32)*96. Calculate the greatest common divisor of 36 and k.
12
Let f be 4/14 - ((-18624)/84 + 13). What is the greatest common divisor of 22 and f?
11
Suppose 8*m = 3*m - c + 178, 3*c + 6 = 0. What is the highest common factor of m and 60?
12
Let l(z) = -38*z - 270. Let s be l(-9). Calculate the highest common divisor of 32 and s.
8
Let g be (-2)/((-1)/(4 + 2)). Suppose 46 = 2*l + 22. Calculate the greatest common divisor of g and l.
12
Let a = -67 + 107. Suppose 33 = 33*f - 30*f - 3*k, -3